oes 4 divide 58819820?
True
Is 145424800 a multiple of 629?
True
Is 352116018 a multiple of 21?
False
Is 1122 a factor of 20938453?
False
Is 2129 a factor of 83714409?
True
Is 242640273 a multiple of 3?
True
Does 10 divide 444372940?
True
Is 509514858 a multiple of 1513?
False
Does 75 divide 67251225?
True
Is 1933048333 a multiple of 24?
False
Does 7 divide 118979176?
False
Does 32 divide 1496672960?
True
Does 64 divide 726596304?
False
Is 4151003 a multiple of 191?
True
Is 17177730 a multiple of 2910?
True
Does 8 divide 20048472?
True
Is 121 a factor of 18668969?
True
Is 15598218 a multiple of 135?
False
Does 56 divide 1820324367?
False
Is 5454 a factor of 57452436?
True
Does 722 divide 1383235758?
True
Is 19 a factor of 35102291?
True
Is 3557 a factor of 1309634045?
True
Does 111 divide 69626970?
True
Is 1184612107 a multiple of 1251?
False
Is 25228826 a multiple of 14?
True
Is 10127 a factor of 1222095979?
True
Is 1548893409 a multiple of 119?
True
Does 1175 divide 503079775?
True
Does 11 divide 100634190?
False
Does 21 divide 150347134?
False
Is 161 a factor of 53656737?
False
Is 117 a factor of 4937634?
True
Is 1536 a factor of 717507072?
True
Does 34 divide 77912020?
True
Is 931 a factor of 39035899?
True
Does 6 divide 6477279?
False
Is 24758460 a multiple of 51?
True
Is 30 a factor of 6505710?
True
Does 3455 divide 83120390?
True
Is 69910872 a multiple of 6?
True
Does 258 divide 147817488?
True
Is 38186420 a multiple of 155?
True
Is 14 a factor of 95361115?
False
Does 469 divide 4474132901?
True
Is 1183 a factor of 26235391?
True
Is 14 a factor of 87942876?
True
Is 1723 a factor of 204000067?
False
Does 119 divide 45851131?
False
Does 144 divide 100957968?
True
Is 47731730 a multiple of 2?
True
Is 17453509 a multiple of 2498?
False
Is 24932908 a multiple of 91?
True
Does 1278 divide 390951764?
False
Does 20 divide 3412729440?
True
Is 98185469 a multiple of 209?
False
Is 2348 a factor of 663630?
False
Is 68392576 a multiple of 64?
True
Is 284184823 a multiple of 169?
True
Is 1057 a factor of 71353842?
True
Is 185824820 a multiple of 1226?
True
Is 85040728 a multiple of 544?
False
Is 40129320 a multiple of 2828?
True
Does 22 divide 3049149180?
True
Is 189749940 a multiple of 28?
False
Is 397371862 a multiple of 840?
False
Is 289317 a multiple of 7?
True
Does 4845 divide 864744167?
False
Is 11954187 a multiple of 21?
True
Is 4383 a factor of 2419300878?
False
Does 3793 divide 23611425?
True
Does 12 divide 133003071?
False
Is 150 a factor of 33912900?
True
Does 31 divide 27604649?
False
Does 283 divide 26594200?
False
Is 409596282 a multiple of 7929?
True
Is 2671901304 a multiple of 872?
True
Is 139346699 a multiple of 10?
False
Is 96917739 a multiple of 450?
False
Does 23 divide 96541817?
False
Is 2452 a factor of 65973512?
True
Does 84 divide 599463677?
False
Is 51473699 a multiple of 155?
False
Does 8073 divide 1297880064?
True
Does 70 divide 14278320?
True
Is 1201 a factor of 252001026?
True
Does 2062 divide 129928081?
False
Does 35 divide 533749381?
False
Is 769 a factor of 117234819?
True
Is 653593355 a multiple of 5072?
False
Is 775 a factor of 40527850?
True
Is 489 a factor of 1434073517?
False
Is 325501739 a multiple of 1350?
False
Is 178 a factor of 256479844?
True
Does 822 divide 34161498?
True
Does 50 divide 700068150?
True
Is 13 a factor of 20961070?
True
Is 203 a factor of 22858612?
True
Is 3858556744 a multiple of 56?
True
Is 11140 a factor of 658808460?
True
Is 1015825174 a multiple of 289?
True
Is 31 a factor of 438978196?
False
Is 10 a factor of 78155840?
True
Is 81915100 a multiple of 3950?
True
Is 398658256 a multiple of 65?
False
Is 13 a factor of 117425807?
False
Is 4770790164 a multiple of 13?
False
Is 57219971 a multiple of 2?
False
Is 1309 a factor of 8423415?
True
Does 226 divide 333651468?
False
Is 53565432 a multiple of 1061?
False
Does 91 divide 97291432?
False
Is 26843652 a multiple of 318?
True
Is 92194197 a multiple of 34?
False
Does 112 divide 71415120?
True
Does 7 divide 7233877?
True
Is 15592772 a multiple of 22?
False
Is 376492983 a multiple of 105?
False
Is 2022663521 a multiple of 1100?
False
Is 80265261 a multiple of 422?
False
Is 10510350 a multiple of 41?
True
Does 7946 divide 1518094711?
False
Is 4752943712 a multiple of 44?
True
Does 28 divide 30899432?
False
Does 29 divide 5314830?
True
Is 246058208 a multiple of 9?
False
Does 3120 divide 417727440?
True
Is 107 a factor of 3107300?
False
Is 1917831111 a multiple of 6883?
False
Is 1184 a factor of 1930239680?
True
Is 3 a factor of 30343088?
False
Does 1711 divide 180247451?
False
Is 16286174 a multiple of 19?
False
Is 7 a factor of 65920580?
False
Is 75963309 a multiple of 4450?
False
Is 36 a factor of 17940204?
True
Is 403038876 a multiple of 1756?
True
Is 12619623 a multiple of 366?
False
Is 48 a factor of 1236325123?
False
Does 192 divide 749167850?
False
Is 170991886 a multiple of 106?
True
Is 5558245 a multiple of 11?
True
Does 19 divide 17214931?
True
Is 24 a factor of 25392500?
False
Is 324 a factor of 23374008?
True
Does 10 divide 19931160?
True
Is 1753273405 a multiple of 333?
False
Does 3 divide 9533206?
False
Is 1632 a factor of 25590885?
False
Does 1971 divide 8215128?
True
Is 847 a factor of 228846559?
False
Does 4067 divide 370605375?
True
Is 105751340 a multiple of 20?
True
Is 3081120 a multiple of 42?
True
Does 45 divide 32112945?
True
Is 38 a factor of 2865247556?
False
Does 7 divide 43245958?
True
Does 55 divide 117297144?
False
Is 3528316540 a multiple of 140?
True
Does 313 divide 623857202?
True
Does 109 divide 23681776?
True
Does 4 divide 1939458?
False
Is 2979 a factor of 8889336?
True
Is 6002340 a multiple of 20?
True
Does 127 divide 13432155?
True
Is 42 a factor of 755350848?
True
Is 1884154181 a multiple of 2093?
True
Is 51 a factor of 69206745?
True
Is 273 a factor of 315173186?
False
Is 28 a factor of 467063352?
True
Is 1712 a factor of 13903152?
True
Does 169 divide 436312539?
True
Does 18 divide 85096228?
False
Is 3157 a factor of 1784753124?
True
Does 428 divide 23266508?
True
Does 96 divide 1447656192?
True
Does 70 divide 347988200?
True
Is 139 a factor of 154120281?
True
Is 29 a factor of 379645728?
True
Is 89326410 a multiple of 1005?
True
Is 21 a factor of 17359092?
False
Is 1882 a factor of 123244393?
False
Does 15 divide 464484375?
True
Is 45 a factor of 1961280?
True
Is 49214321 a multiple of 469?
False
Is 22549829 a multiple of 951?
False
Does 11 divide 18000740?
False
Is 1703689584 a multiple of 48?
True
Is 4397903981 a multiple of 900?
False
Is 16 a factor of 227600336?
True
Is 52 a factor of 56604572?
False
Does 132 divide 89285017?
False
Is 1553880051 a multiple of 6?
False
Is 2448184303 a multiple of 266?
False
Does 126 divide 163133020?
False
Is 732 a factor of 5209043760?
True
Does 219 divide 121001863?
False
Is 11 a factor of 77911756?
False
Is 144495772 a multiple of 4652?
True
Does 25 divide 33603995?
False
Is 46889302 a multiple of 348?
False
Is 913766139 a multiple of 451?
True
Is 664888790 a multiple of 985?
True
Does 1406 divide 1437695458?
True
Does 3 divide 425463422?
False
Is 35 a factor of 593463290?
True
Is 13 a factor of 1067567437?
False
Does 182 divide 50434930?
True
Is 4036 a factor of 85292788?
True
Is 36 a factor of 10690488?
True
Is 1195 a factor of 614156318?
False
Is 71927492 a multiple of 297?
False
Is 13 a factor of 6059070?
False
Is 92391918 a multiple of 291?
True
Is 31528935 a multiple of 10?
False
Is 462 a factor of 289715211?
False
Is 22 a factor of 20897954?
True
Does 1558 divide 696675386?
False
Is 426 a factor of 30207181?
False
Is 339790440 a multiple of 20?
True
Is 10 a factor of 3545074900?
True
Is 28627888 a multiple of 16?
True
Does 5 divide 7475515?
True
Is 3866545454 a multiple of 54?
False
Does 18 divide 1743834240?
True
Is 103 a factor of 139912419?
True
Is 27 a factor of 28767123?
True
Is 136540080 a multiple of 342?
True
Is 16 a factor of 9099008?
True
Is 69 a factor of 566595777?
True
Is 88357784 a multiple of 2673?
False
Is 298007360 a multiple of 56?
True
Is 136608024 a multiple of 1596?
True
Is 39826804 a multiple of 756?
False
Is 83 a factor of 414189594?
False
Is 626301306 a multiple of 23?
False
Is 433 a factor of 13794947?
True
Is 99211289 a multiple